{"id":1897,"date":"2024-05-04T12:59:56","date_gmt":"2024-05-04T10:59:56","guid":{"rendered":"https:\/\/karinas-art.at\/?page_id=1897"},"modified":"2024-08-15T15:22:15","modified_gmt":"2024-08-15T13:22:15","slug":"kunstwerk-das-vergessene-kind","status":"publish","type":"page","link":"https:\/\/karinas-art.at\/en\/kunstwerk-das-vergessene-kind\/","title":{"rendered":"Artwork The Forgotten Child"},"content":{"rendered":"<p>In this piece, the surrealistic interpretation of the legend of the Grimming Gate and the forgotten child is portrayed. The shapeshifter, depicted as a white chamois, is also visible.<\/p>\n\n\n<div class=\"wp-block-image\">\n<figure class=\"aligncenter size-large\"><img loading=\"lazy\" decoding=\"async\" width=\"1024\" height=\"744\" src=\"https:\/\/karinas-art.at\/wp-content\/uploads\/2024\/05\/das-vergessene-kind-1024x744.webp\" alt=\"In diesem Werk geht es auf surrealistische Weise um die Sage vom Grimmingtor und dem vergessenen Kind. Man sieht auch den sogenannten Gestaltwandler, dargestellt als wei\u00dfe Gams.\" class=\"wp-image-1884\" srcset=\"https:\/\/karinas-art.at\/wp-content\/uploads\/2024\/05\/das-vergessene-kind-1024x744.webp 1024w, https:\/\/karinas-art.at\/wp-content\/uploads\/2024\/05\/das-vergessene-kind-300x218.webp 300w, https:\/\/karinas-art.at\/wp-content\/uploads\/2024\/05\/das-vergessene-kind-768x558.webp 768w, https:\/\/karinas-art.at\/wp-content\/uploads\/2024\/05\/das-vergessene-kind-18x12.webp 18w, https:\/\/karinas-art.at\/wp-content\/uploads\/2024\/05\/das-vergessene-kind.webp 1280w\" sizes=\"auto, (max-width: 1024px) 100vw, 1024px\" \/><\/figure><\/div>\n\n\n<figure class=\"wp-block-gallery aligncenter has-nested-images columns-default is-cropped wp-block-gallery-1 is-layout-flex wp-block-gallery-is-layout-flex\">\n<figure class=\"wp-block-image size-large\"><a href=\"https:\/\/karinas-art.at\/wp-content\/uploads\/2024\/05\/das-vergessene-kind.webp\"><img loading=\"lazy\" decoding=\"async\" width=\"1024\" height=\"744\" data-id=\"1884\" src=\"https:\/\/karinas-art.at\/wp-content\/uploads\/2024\/05\/das-vergessene-kind-1024x744.webp\" alt=\"In diesem Werk geht es auf surrealistische Weise um die Sage vom Grimmingtor und dem vergessenen Kind. Man sieht auch den sogenannten Gestaltwandler, dargestellt als wei\u00dfe Gams.\" class=\"wp-image-1884\" srcset=\"https:\/\/karinas-art.at\/wp-content\/uploads\/2024\/05\/das-vergessene-kind-1024x744.webp 1024w, https:\/\/karinas-art.at\/wp-content\/uploads\/2024\/05\/das-vergessene-kind-300x218.webp 300w, https:\/\/karinas-art.at\/wp-content\/uploads\/2024\/05\/das-vergessene-kind-768x558.webp 768w, https:\/\/karinas-art.at\/wp-content\/uploads\/2024\/05\/das-vergessene-kind-18x12.webp 18w, https:\/\/karinas-art.at\/wp-content\/uploads\/2024\/05\/das-vergessene-kind.webp 1280w\" sizes=\"auto, (max-width: 1024px) 100vw, 1024px\" \/><\/a><\/figure>\n\n\n\n<figure class=\"wp-block-image size-large\"><a href=\"https:\/\/karinas-art.at\/wp-content\/uploads\/2024\/05\/das-vergessene-kind-01.webp\"><img loading=\"lazy\" decoding=\"async\" width=\"1024\" height=\"694\" data-id=\"1885\" src=\"https:\/\/karinas-art.at\/wp-content\/uploads\/2024\/05\/das-vergessene-kind-01-1024x694.webp\" alt=\"In diesem Werk geht es auf surrealistische Weise um die Sage vom Grimmingtor und dem vergessenen Kind. Man sieht auch den sogenannten Gestaltwandler, dargestellt als wei\u00dfe Gams.\" class=\"wp-image-1885\" srcset=\"https:\/\/karinas-art.at\/wp-content\/uploads\/2024\/05\/das-vergessene-kind-01-1024x694.webp 1024w, https:\/\/karinas-art.at\/wp-content\/uploads\/2024\/05\/das-vergessene-kind-01-300x203.webp 300w, https:\/\/karinas-art.at\/wp-content\/uploads\/2024\/05\/das-vergessene-kind-01-768x520.webp 768w, https:\/\/karinas-art.at\/wp-content\/uploads\/2024\/05\/das-vergessene-kind-01-18x12.webp 18w, https:\/\/karinas-art.at\/wp-content\/uploads\/2024\/05\/das-vergessene-kind-01.webp 1280w\" sizes=\"auto, (max-width: 1024px) 100vw, 1024px\" \/><\/a><\/figure>\n\n\n\n<figure class=\"wp-block-image size-large\"><a href=\"https:\/\/karinas-art.at\/wp-content\/uploads\/2024\/05\/das-vergessene-kind-02.webp\"><img loading=\"lazy\" decoding=\"async\" width=\"1024\" height=\"812\" data-id=\"1886\" src=\"https:\/\/karinas-art.at\/wp-content\/uploads\/2024\/05\/das-vergessene-kind-02-1024x812.webp\" alt=\"In diesem Werk geht es auf surrealistische Weise um die Sage vom Grimmingtor und dem vergessenen Kind. Man sieht auch den sogenannten Gestaltwandler, dargestellt als wei\u00dfe Gams.\" class=\"wp-image-1886\" srcset=\"https:\/\/karinas-art.at\/wp-content\/uploads\/2024\/05\/das-vergessene-kind-02-1024x812.webp 1024w, https:\/\/karinas-art.at\/wp-content\/uploads\/2024\/05\/das-vergessene-kind-02-300x238.webp 300w, https:\/\/karinas-art.at\/wp-content\/uploads\/2024\/05\/das-vergessene-kind-02-768x609.webp 768w, https:\/\/karinas-art.at\/wp-content\/uploads\/2024\/05\/das-vergessene-kind-02-15x12.webp 15w, https:\/\/karinas-art.at\/wp-content\/uploads\/2024\/05\/das-vergessene-kind-02.webp 1280w\" sizes=\"auto, (max-width: 1024px) 100vw, 1024px\" \/><\/a><\/figure>\n\n\n\n<figure class=\"wp-block-image size-large\"><a href=\"https:\/\/karinas-art.at\/wp-content\/uploads\/2024\/05\/das-vergessene-kind-03.webp\"><img loading=\"lazy\" decoding=\"async\" width=\"1024\" height=\"682\" data-id=\"1887\" src=\"https:\/\/karinas-art.at\/wp-content\/uploads\/2024\/05\/das-vergessene-kind-03-1024x682.webp\" alt=\"In diesem Werk geht es auf surrealistische Weise um die Sage vom Grimmingtor und dem vergessenen Kind. Man sieht auch den sogenannten Gestaltwandler, dargestellt als wei\u00dfe Gams.\" class=\"wp-image-1887\" srcset=\"https:\/\/karinas-art.at\/wp-content\/uploads\/2024\/05\/das-vergessene-kind-03-1024x682.webp 1024w, https:\/\/karinas-art.at\/wp-content\/uploads\/2024\/05\/das-vergessene-kind-03-300x200.webp 300w, https:\/\/karinas-art.at\/wp-content\/uploads\/2024\/05\/das-vergessene-kind-03-768x512.webp 768w, https:\/\/karinas-art.at\/wp-content\/uploads\/2024\/05\/das-vergessene-kind-03-18x12.webp 18w, https:\/\/karinas-art.at\/wp-content\/uploads\/2024\/05\/das-vergessene-kind-03.webp 1280w\" sizes=\"auto, (max-width: 1024px) 100vw, 1024px\" \/><\/a><\/figure>\n\n\n\n<figure class=\"wp-block-image size-large\"><a href=\"https:\/\/karinas-art.at\/wp-content\/uploads\/2024\/05\/das-vergessene-kind-04.webp\"><img loading=\"lazy\" decoding=\"async\" width=\"1024\" height=\"612\" data-id=\"1888\" src=\"https:\/\/karinas-art.at\/wp-content\/uploads\/2024\/05\/das-vergessene-kind-04-1024x612.webp\" alt=\"In diesem Werk geht es auf surrealistische Weise um die Sage vom Grimmingtor und dem vergessenen Kind. Man sieht auch den sogenannten Gestaltwandler, dargestellt als wei\u00dfe Gams.\" class=\"wp-image-1888\" srcset=\"https:\/\/karinas-art.at\/wp-content\/uploads\/2024\/05\/das-vergessene-kind-04-1024x612.webp 1024w, https:\/\/karinas-art.at\/wp-content\/uploads\/2024\/05\/das-vergessene-kind-04-300x179.webp 300w, https:\/\/karinas-art.at\/wp-content\/uploads\/2024\/05\/das-vergessene-kind-04-768x459.webp 768w, https:\/\/karinas-art.at\/wp-content\/uploads\/2024\/05\/das-vergessene-kind-04-18x12.webp 18w, https:\/\/karinas-art.at\/wp-content\/uploads\/2024\/05\/das-vergessene-kind-04.webp 1280w\" sizes=\"auto, (max-width: 1024px) 100vw, 1024px\" \/><\/a><\/figure>\n\n\n\n<figure class=\"wp-block-image size-large\"><a href=\"https:\/\/karinas-art.at\/wp-content\/uploads\/2024\/05\/das-vergessene-kind-05.webp\"><img loading=\"lazy\" decoding=\"async\" width=\"1024\" height=\"654\" data-id=\"1889\" src=\"https:\/\/karinas-art.at\/wp-content\/uploads\/2024\/05\/das-vergessene-kind-05-1024x654.webp\" alt=\"In diesem Werk geht es auf surrealistische Weise um die Sage vom Grimmingtor und dem vergessenen Kind. Man sieht auch den sogenannten Gestaltwandler, dargestellt als wei\u00dfe Gams.\" class=\"wp-image-1889\" srcset=\"https:\/\/karinas-art.at\/wp-content\/uploads\/2024\/05\/das-vergessene-kind-05-1024x654.webp 1024w, https:\/\/karinas-art.at\/wp-content\/uploads\/2024\/05\/das-vergessene-kind-05-300x191.webp 300w, https:\/\/karinas-art.at\/wp-content\/uploads\/2024\/05\/das-vergessene-kind-05-768x490.webp 768w, https:\/\/karinas-art.at\/wp-content\/uploads\/2024\/05\/das-vergessene-kind-05-18x12.webp 18w, https:\/\/karinas-art.at\/wp-content\/uploads\/2024\/05\/das-vergessene-kind-05.webp 1280w\" sizes=\"auto, (max-width: 1024px) 100vw, 1024px\" \/><\/a><\/figure>\n<\/figure>\n\n\n\n<h2 class=\"wp-block-heading\">Original on wooden stretcher frame including signature and certificate<\/h2>\n\n\n\n<div class=\"wp-block-columns is-layout-flex wp-container-core-columns-is-layout-9d6595d7 wp-block-columns-is-layout-flex\">\n<div class=\"wp-block-column is-layout-flow wp-block-column-is-layout-flow\" style=\"flex-basis:20%\"><\/div>\n\n\n\n<div class=\"wp-block-column is-layout-flow wp-block-column-is-layout-flow\" style=\"flex-basis:60%\">\n<figure class=\"wp-block-table meinetabellen\"><table><tbody><tr><td><strong>Title:<\/strong><\/td><td>The Forgotten Child<\/td><\/tr><tr><td><strong>Material<\/strong>:<\/td><td>Canvas, Acrylic<\/td><\/tr><tr><td><strong>Size:<\/strong><\/td><td>150 cm x 110 cm<\/td><\/tr><\/tbody><\/table><\/figure>\n<\/div>\n\n\n\n<div class=\"wp-block-column is-layout-flow wp-block-column-is-layout-flow\" style=\"flex-basis:20%\"><\/div>\n<\/div>\n\n\n\n<div class=\"wp-block-buttons is-content-justification-center is-layout-flex wp-container-core-buttons-is-layout-16018d1d wp-block-buttons-is-layout-flex\">\n<div class=\"wp-block-button has-custom-width wp-block-button__width-25 is-style-fill buttonscenter\"><a class=\"wp-block-button__link wp-element-button\" href=\"https:\/\/www.singulart.com\/de\/kunstwerke\/karina-schiefer-das-vergessene-kind-2093119\" target=\"_blank\" rel=\"noreferrer noopener\">Buy now<\/a><\/div>\n<\/div>\n\n\n\n<h2 class=\"wp-block-heading\">High-quality art print on stretcher frame<\/h2>\n\n\n\n<div class=\"wp-block-columns is-layout-flex wp-container-core-columns-is-layout-9d6595d7 wp-block-columns-is-layout-flex\">\n<div class=\"wp-block-column is-layout-flow wp-block-column-is-layout-flow\" style=\"flex-basis:20%\"><\/div>\n\n\n\n<div class=\"wp-block-column is-layout-flow wp-block-column-is-layout-flow\" style=\"flex-basis:60%\">\n<figure class=\"wp-block-table meinetabellen\"><table><tbody><tr><td><strong>Title:<\/strong><\/td><td>The Forgotten Child<\/td><\/tr><tr><td><strong>Material<\/strong>:<\/td><td>Photo canvas<\/td><\/tr><tr><td><strong>Size:<\/strong><\/td><td>ca. 41 cm x 30 cm<\/td><\/tr><tr><td><strong>Price:<\/strong><\/td><td>\u20ac 200,00,-<\/td><\/tr><\/tbody><\/table><\/figure>\n<\/div>\n\n\n\n<div class=\"wp-block-column is-layout-flow wp-block-column-is-layout-flow\" style=\"flex-basis:20%\"><\/div>\n<\/div>\n\n\n\n<p><strong>The art print is also available in smaller sizes!<\/strong><\/p>\n\n\n\n<div class=\"wp-block-group hastdufragen has-background\" style=\"background-color:#ffe7e8\"><div class=\"wp-block-group__inner-container is-layout-constrained wp-block-group-is-layout-constrained\">\n<h2 class=\"wp-block-heading has-text-align-left\">Do you have any questions or are you interested in purchasing one of my artworks? <br><br>Get in touch with me!<\/h2>\n\n\n\n<div class=\"wp-block-buttons is-content-justification-left is-layout-flex wp-container-core-buttons-is-layout-fdcfc74e wp-block-buttons-is-layout-flex\">\n<div class=\"wp-block-button\"><a class=\"wp-block-button__link wp-element-button\" href=\"https:\/\/karinas-art.at\/en\/kontakt\/\">Contact<\/a><\/div>\n<\/div>\n\n\n\n<p><\/p>\n\n\n\n<h2 class=\"wp-block-heading\"><strong>Discover my artworks on Singulart!<\/strong><\/h2>\n\n\n\n<div class=\"wp-block-buttons is-layout-flex wp-block-buttons-is-layout-flex\">\n<div class=\"wp-block-button\"><a class=\"wp-block-button__link wp-element-button\" href=\"https:\/\/www.singulart.com\/de\/k%C3%BCnstler\/karina-schiefer-61055\" target=\"_blank\" rel=\"noreferrer noopener\">Discover artworks<\/a><\/div>\n<\/div>\n<\/div><\/div>","protected":false},"excerpt":{"rendered":"<p>In diesem Werk geht es auf surrealistische Weise um die Sage vom Grimmingtor und dem vergessenen Kind. Man sieht auch den sogenannten Gestaltwandler, dargestellt als wei\u00dfe Gams. Titel: Das vergessene Kind Material: Leinwand, Acryl Gr\u00f6\u00dfe: 150 cm x 110 cm Hochwertiger Kunstdruck auf Tr\u00e4gerrahmen Titel: Das vergessene Kind Material: Fotoleinwand Gr\u00f6\u00dfe: ca. 41 cm x 30 cm Preis: \u20ac 200,00,-<\/p>","protected":false},"author":2,"featured_media":1884,"parent":0,"menu_order":0,"comment_status":"closed","ping_status":"closed","template":"","meta":{"footnotes":""},"class_list":["post-1897","page","type-page","status-publish","has-post-thumbnail","hentry"],"blocksy_meta":{"styles_descriptor":{"styles":{"desktop":"","tablet":"","mobile":""},"google_fonts":[],"version":5}},"_links":{"self":[{"href":"https:\/\/karinas-art.at\/en\/wp-json\/wp\/v2\/pages\/1897","targetHints":{"allow":["GET"]}}],"collection":[{"href":"https:\/\/karinas-art.at\/en\/wp-json\/wp\/v2\/pages"}],"about":[{"href":"https:\/\/karinas-art.at\/en\/wp-json\/wp\/v2\/types\/page"}],"author":[{"embeddable":true,"href":"https:\/\/karinas-art.at\/en\/wp-json\/wp\/v2\/users\/2"}],"replies":[{"embeddable":true,"href":"https:\/\/karinas-art.at\/en\/wp-json\/wp\/v2\/comments?post=1897"}],"version-history":[{"count":19,"href":"https:\/\/karinas-art.at\/en\/wp-json\/wp\/v2\/pages\/1897\/revisions"}],"predecessor-version":[{"id":2638,"href":"https:\/\/karinas-art.at\/en\/wp-json\/wp\/v2\/pages\/1897\/revisions\/2638"}],"wp:featuredmedia":[{"embeddable":true,"href":"https:\/\/karinas-art.at\/en\/wp-json\/wp\/v2\/media\/1884"}],"wp:attachment":[{"href":"https:\/\/karinas-art.at\/en\/wp-json\/wp\/v2\/media?parent=1897"}],"curies":[{"name":"wp","href":"https:\/\/api.w.org\/{rel}","templated":true}]}}

<p>In this piece, the surrealistic interpretation of the legend of the Grimming Gate and the forgotten child is portrayed. The shapeshifter, depicted as a white chamois, is also visible.</p>


<div class="wp-block-image">
<figure class="aligncenter size-large"><img loading="lazy" decoding="async" width="1024" height="744" src="https://karinas-art.at/wp-content/uploads/2024/05/das-vergessene-kind-1024x744.webp" alt="In diesem Werk geht es auf surrealistische Weise um die Sage vom Grimmingtor und dem vergessenen Kind. Man sieht auch den sogenannten Gestaltwandler, dargestellt als weiße Gams." class="wp-image-1884" srcset="https://karinas-art.at/wp-content/uploads/2024/05/das-vergessene-kind-1024x744.webp 1024w, https://karinas-art.at/wp-content/uploads/2024/05/das-vergessene-kind-300x218.webp 300w, https://karinas-art.at/wp-content/uploads/2024/05/das-vergessene-kind-768x558.webp 768w, https://karinas-art.at/wp-content/uploads/2024/05/das-vergessene-kind-18x12.webp 18w, https://karinas-art.at/wp-content/uploads/2024/05/das-vergessene-kind.webp 1280w" sizes="auto, (max-width: 1024px) 100vw, 1024px" /></figure></div>


<figure class="wp-block-gallery aligncenter has-nested-images columns-default is-cropped wp-block-gallery-1 is-layout-flex wp-block-gallery-is-layout-flex">
<figure class="wp-block-image size-large"><a href="https://karinas-art.at/wp-content/uploads/2024/05/das-vergessene-kind.webp"><img loading="lazy" decoding="async" width="1024" height="744" data-id="1884" src="https://karinas-art.at/wp-content/uploads/2024/05/das-vergessene-kind-1024x744.webp" alt="In diesem Werk geht es auf surrealistische Weise um die Sage vom Grimmingtor und dem vergessenen Kind. Man sieht auch den sogenannten Gestaltwandler, dargestellt als weiße Gams." class="wp-image-1884" srcset="https://karinas-art.at/wp-content/uploads/2024/05/das-vergessene-kind-1024x744.webp 1024w, https://karinas-art.at/wp-content/uploads/2024/05/das-vergessene-kind-300x218.webp 300w, https://karinas-art.at/wp-content/uploads/2024/05/das-vergessene-kind-768x558.webp 768w, https://karinas-art.at/wp-content/uploads/2024/05/das-vergessene-kind-18x12.webp 18w, https://karinas-art.at/wp-content/uploads/2024/05/das-vergessene-kind.webp 1280w" sizes="auto, (max-width: 1024px) 100vw, 1024px" /></a></figure>



<figure class="wp-block-image size-large"><a href="https://karinas-art.at/wp-content/uploads/2024/05/das-vergessene-kind-01.webp"><img loading="lazy" decoding="async" width="1024" height="694" data-id="1885" src="https://karinas-art.at/wp-content/uploads/2024/05/das-vergessene-kind-01-1024x694.webp" alt="In diesem Werk geht es auf surrealistische Weise um die Sage vom Grimmingtor und dem vergessenen Kind. Man sieht auch den sogenannten Gestaltwandler, dargestellt als weiße Gams." class="wp-image-1885" srcset="https://karinas-art.at/wp-content/uploads/2024/05/das-vergessene-kind-01-1024x694.webp 1024w, https://karinas-art.at/wp-content/uploads/2024/05/das-vergessene-kind-01-300x203.webp 300w, https://karinas-art.at/wp-content/uploads/2024/05/das-vergessene-kind-01-768x520.webp 768w, https://karinas-art.at/wp-content/uploads/2024/05/das-vergessene-kind-01-18x12.webp 18w, https://karinas-art.at/wp-content/uploads/2024/05/das-vergessene-kind-01.webp 1280w" sizes="auto, (max-width: 1024px) 100vw, 1024px" /></a></figure>



<figure class="wp-block-image size-large"><a href="https://karinas-art.at/wp-content/uploads/2024/05/das-vergessene-kind-02.webp"><img loading="lazy" decoding="async" width="1024" height="812" data-id="1886" src="https://karinas-art.at/wp-content/uploads/2024/05/das-vergessene-kind-02-1024x812.webp" alt="In diesem Werk geht es auf surrealistische Weise um die Sage vom Grimmingtor und dem vergessenen Kind. Man sieht auch den sogenannten Gestaltwandler, dargestellt als weiße Gams." class="wp-image-1886" srcset="https://karinas-art.at/wp-content/uploads/2024/05/das-vergessene-kind-02-1024x812.webp 1024w, https://karinas-art.at/wp-content/uploads/2024/05/das-vergessene-kind-02-300x238.webp 300w, https://karinas-art.at/wp-content/uploads/2024/05/das-vergessene-kind-02-768x609.webp 768w, https://karinas-art.at/wp-content/uploads/2024/05/das-vergessene-kind-02-15x12.webp 15w, https://karinas-art.at/wp-content/uploads/2024/05/das-vergessene-kind-02.webp 1280w" sizes="auto, (max-width: 1024px) 100vw, 1024px" /></a></figure>



<figure class="wp-block-image size-large"><a href="https://karinas-art.at/wp-content/uploads/2024/05/das-vergessene-kind-03.webp"><img loading="lazy" decoding="async" width="1024" height="682" data-id="1887" src="https://karinas-art.at/wp-content/uploads/2024/05/das-vergessene-kind-03-1024x682.webp" alt="In diesem Werk geht es auf surrealistische Weise um die Sage vom Grimmingtor und dem vergessenen Kind. Man sieht auch den sogenannten Gestaltwandler, dargestellt als weiße Gams." class="wp-image-1887" srcset="https://karinas-art.at/wp-content/uploads/2024/05/das-vergessene-kind-03-1024x682.webp 1024w, https://karinas-art.at/wp-content/uploads/2024/05/das-vergessene-kind-03-300x200.webp 300w, https://karinas-art.at/wp-content/uploads/2024/05/das-vergessene-kind-03-768x512.webp 768w, https://karinas-art.at/wp-content/uploads/2024/05/das-vergessene-kind-03-18x12.webp 18w, https://karinas-art.at/wp-content/uploads/2024/05/das-vergessene-kind-03.webp 1280w" sizes="auto, (max-width: 1024px) 100vw, 1024px" /></a></figure>



<figure class="wp-block-image size-large"><a href="https://karinas-art.at/wp-content/uploads/2024/05/das-vergessene-kind-04.webp"><img loading="lazy" decoding="async" width="1024" height="612" data-id="1888" src="https://karinas-art.at/wp-content/uploads/2024/05/das-vergessene-kind-04-1024x612.webp" alt="In diesem Werk geht es auf surrealistische Weise um die Sage vom Grimmingtor und dem vergessenen Kind. Man sieht auch den sogenannten Gestaltwandler, dargestellt als weiße Gams." class="wp-image-1888" srcset="https://karinas-art.at/wp-content/uploads/2024/05/das-vergessene-kind-04-1024x612.webp 1024w, https://karinas-art.at/wp-content/uploads/2024/05/das-vergessene-kind-04-300x179.webp 300w, https://karinas-art.at/wp-content/uploads/2024/05/das-vergessene-kind-04-768x459.webp 768w, https://karinas-art.at/wp-content/uploads/2024/05/das-vergessene-kind-04-18x12.webp 18w, https://karinas-art.at/wp-content/uploads/2024/05/das-vergessene-kind-04.webp 1280w" sizes="auto, (max-width: 1024px) 100vw, 1024px" /></a></figure>



<figure class="wp-block-image size-large"><a href="https://karinas-art.at/wp-content/uploads/2024/05/das-vergessene-kind-05.webp"><img loading="lazy" decoding="async" width="1024" height="654" data-id="1889" src="https://karinas-art.at/wp-content/uploads/2024/05/das-vergessene-kind-05-1024x654.webp" alt="In diesem Werk geht es auf surrealistische Weise um die Sage vom Grimmingtor und dem vergessenen Kind. Man sieht auch den sogenannten Gestaltwandler, dargestellt als weiße Gams." class="wp-image-1889" srcset="https://karinas-art.at/wp-content/uploads/2024/05/das-vergessene-kind-05-1024x654.webp 1024w, https://karinas-art.at/wp-content/uploads/2024/05/das-vergessene-kind-05-300x191.webp 300w, https://karinas-art.at/wp-content/uploads/2024/05/das-vergessene-kind-05-768x490.webp 768w, https://karinas-art.at/wp-content/uploads/2024/05/das-vergessene-kind-05-18x12.webp 18w, https://karinas-art.at/wp-content/uploads/2024/05/das-vergessene-kind-05.webp 1280w" sizes="auto, (max-width: 1024px) 100vw, 1024px" /></a></figure>
</figure>



<h2 class="wp-block-heading">Original on wooden stretcher frame including signature and certificate</h2>



<div class="wp-block-columns is-layout-flex wp-container-core-columns-is-layout-9d6595d7 wp-block-columns-is-layout-flex">
<div class="wp-block-column is-layout-flow wp-block-column-is-layout-flow" style="flex-basis:20%"></div>



<div class="wp-block-column is-layout-flow wp-block-column-is-layout-flow" style="flex-basis:60%">
<figure class="wp-block-table meinetabellen"><table><tbody><tr><td><strong>Title:</strong></td><td>The Forgotten Child</td></tr><tr><td><strong>Material</strong>:</td><td>Canvas, Acrylic</td></tr><tr><td><strong>Size:</strong></td><td>150 cm x 110 cm</td></tr></tbody></table></figure>
</div>



<div class="wp-block-column is-layout-flow wp-block-column-is-layout-flow" style="flex-basis:20%"></div>
</div>



<div class="wp-block-buttons is-content-justification-center is-layout-flex wp-container-core-buttons-is-layout-16018d1d wp-block-buttons-is-layout-flex">
<div class="wp-block-button has-custom-width wp-block-button__width-25 is-style-fill buttonscenter"><a class="wp-block-button__link wp-element-button" href="https://www.singulart.com/de/kunstwerke/karina-schiefer-das-vergessene-kind-2093119" target="_blank" rel="noreferrer noopener">Buy now</a></div>
</div>



<h2 class="wp-block-heading">High-quality art print on stretcher frame</h2>



<div class="wp-block-columns is-layout-flex wp-container-core-columns-is-layout-9d6595d7 wp-block-columns-is-layout-flex">
<div class="wp-block-column is-layout-flow wp-block-column-is-layout-flow" style="flex-basis:20%"></div>



<div class="wp-block-column is-layout-flow wp-block-column-is-layout-flow" style="flex-basis:60%">
<figure class="wp-block-table meinetabellen"><table><tbody><tr><td><strong>Title:</strong></td><td>The Forgotten Child</td></tr><tr><td><strong>Material</strong>:</td><td>Photo canvas</td></tr><tr><td><strong>Size:</strong></td><td>ca. 41 cm x 30 cm</td></tr><tr><td><strong>Price:</strong></td><td>€ 200,00,-</td></tr></tbody></table></figure>
</div>



<div class="wp-block-column is-layout-flow wp-block-column-is-layout-flow" style="flex-basis:20%"></div>
</div>



<p><strong>The art print is also available in smaller sizes!</strong></p>



<div class="wp-block-group hastdufragen has-background" style="background-color:#ffe7e8"><div class="wp-block-group__inner-container is-layout-constrained wp-block-group-is-layout-constrained">
<h2 class="wp-block-heading has-text-align-left">Do you have any questions or are you interested in purchasing one of my artworks? <br><br>Get in touch with me!</h2>



<div class="wp-block-buttons is-content-justification-left is-layout-flex wp-container-core-buttons-is-layout-fdcfc74e wp-block-buttons-is-layout-flex">
<div class="wp-block-button"><a class="wp-block-button__link wp-element-button" href="https://karinas-art.at/en/kontakt/">Contact</a></div>
</div>



<p></p>



<h2 class="wp-block-heading"><strong>Discover my artworks on Singulart!</strong></h2>



<div class="wp-block-buttons is-layout-flex wp-block-buttons-is-layout-flex">
<div class="wp-block-button"><a class="wp-block-button__link wp-element-button" href="https://www.singulart.com/de/k%C3%BCnstler/karina-schiefer-61055" target="_blank" rel="noreferrer noopener">Discover artworks</a></div>
</div>
</div></div>

<p>In diesem Werk geht es auf surrealistische Weise um die Sage vom Grimmingtor und dem vergessenen Kind. Man sieht auch den sogenannten Gestaltwandler, dargestellt als weiße Gams. Titel: Das vergessene Kind Material: Leinwand, Acryl Größe: 150 cm x 110 cm Hochwertiger Kunstdruck auf Trägerrahmen Titel: Das vergessene Kind Material: Fotoleinwand Größe: ca. 41 cm x 30 cm Preis: € 200,00,-</p>
