{"id":1952,"date":"2024-05-04T14:27:42","date_gmt":"2024-05-04T12:27:42","guid":{"rendered":"https:\/\/karinas-art.at\/?page_id=1952"},"modified":"2024-07-02T22:23:56","modified_gmt":"2024-07-02T20:23:56","slug":"kunstwerk-der-schluessel","status":"publish","type":"page","link":"https:\/\/karinas-art.at\/en\/kunstwerk-der-schluessel\/","title":{"rendered":"Artwork The Key"},"content":{"rendered":"<p>It's a childhood fantasy of myself. In the center, I'm dressed in traditional costume, surrounded by various animals.<\/p>\n\n\n<div class=\"wp-block-image\">\n<figure class=\"aligncenter size-large\"><img loading=\"lazy\" decoding=\"async\" width=\"1016\" height=\"1024\" src=\"https:\/\/karinas-art.at\/wp-content\/uploads\/2024\/05\/der-schluessel-1016x1024.webp\" alt=\"Es handelt sich um eine Kinderfantasie von mir selbst. In der Mitte befinde ich mich in Tracht, und rundherum sind diverse Tiere zu sehen.\" class=\"wp-image-1864\" srcset=\"https:\/\/karinas-art.at\/wp-content\/uploads\/2024\/05\/der-schluessel-1016x1024.webp 1016w, https:\/\/karinas-art.at\/wp-content\/uploads\/2024\/05\/der-schluessel-298x300.webp 298w, https:\/\/karinas-art.at\/wp-content\/uploads\/2024\/05\/der-schluessel-150x150.webp 150w, https:\/\/karinas-art.at\/wp-content\/uploads\/2024\/05\/der-schluessel-768x774.webp 768w, https:\/\/karinas-art.at\/wp-content\/uploads\/2024\/05\/der-schluessel-12x12.webp 12w, https:\/\/karinas-art.at\/wp-content\/uploads\/2024\/05\/der-schluessel.webp 1280w\" sizes=\"auto, (max-width: 1016px) 100vw, 1016px\" \/><\/figure><\/div>\n\n\n<figure class=\"wp-block-gallery aligncenter has-nested-images columns-default is-cropped wp-block-gallery-1 is-layout-flex wp-block-gallery-is-layout-flex\">\n<figure class=\"wp-block-image size-large\"><a href=\"https:\/\/karinas-art.at\/wp-content\/uploads\/2024\/05\/der-schluessel.webp\"><img loading=\"lazy\" decoding=\"async\" width=\"1016\" height=\"1024\" data-id=\"1864\" src=\"https:\/\/karinas-art.at\/wp-content\/uploads\/2024\/05\/der-schluessel-1016x1024.webp\" alt=\"Es handelt sich um eine Kinderfantasie von mir selbst. In der Mitte befinde ich mich in Tracht, und rundherum sind diverse Tiere zu sehen.\" class=\"wp-image-1864\" srcset=\"https:\/\/karinas-art.at\/wp-content\/uploads\/2024\/05\/der-schluessel-1016x1024.webp 1016w, https:\/\/karinas-art.at\/wp-content\/uploads\/2024\/05\/der-schluessel-298x300.webp 298w, https:\/\/karinas-art.at\/wp-content\/uploads\/2024\/05\/der-schluessel-150x150.webp 150w, https:\/\/karinas-art.at\/wp-content\/uploads\/2024\/05\/der-schluessel-768x774.webp 768w, https:\/\/karinas-art.at\/wp-content\/uploads\/2024\/05\/der-schluessel-12x12.webp 12w, https:\/\/karinas-art.at\/wp-content\/uploads\/2024\/05\/der-schluessel.webp 1280w\" sizes=\"auto, (max-width: 1016px) 100vw, 1016px\" \/><\/a><\/figure>\n\n\n\n<figure class=\"wp-block-image size-large\"><a href=\"https:\/\/karinas-art.at\/wp-content\/uploads\/2024\/05\/der-schluessel-01.webp\"><img loading=\"lazy\" decoding=\"async\" width=\"1024\" height=\"743\" data-id=\"1865\" src=\"https:\/\/karinas-art.at\/wp-content\/uploads\/2024\/05\/der-schluessel-01-1024x743.webp\" alt=\"Es handelt sich um eine Kinderfantasie von mir selbst. In der Mitte befinde ich mich in Tracht, und rundherum sind diverse Tiere zu sehen.\" class=\"wp-image-1865\" srcset=\"https:\/\/karinas-art.at\/wp-content\/uploads\/2024\/05\/der-schluessel-01-1024x743.webp 1024w, https:\/\/karinas-art.at\/wp-content\/uploads\/2024\/05\/der-schluessel-01-300x218.webp 300w, https:\/\/karinas-art.at\/wp-content\/uploads\/2024\/05\/der-schluessel-01-768x557.webp 768w, https:\/\/karinas-art.at\/wp-content\/uploads\/2024\/05\/der-schluessel-01-18x12.webp 18w, https:\/\/karinas-art.at\/wp-content\/uploads\/2024\/05\/der-schluessel-01.webp 1280w\" sizes=\"auto, (max-width: 1024px) 100vw, 1024px\" \/><\/a><\/figure>\n<\/figure>\n\n\n\n<h2 class=\"wp-block-heading\">Original on wooden stretcher frame including signature and certificate<\/h2>\n\n\n\n<div class=\"wp-block-columns is-layout-flex wp-container-core-columns-is-layout-9d6595d7 wp-block-columns-is-layout-flex\">\n<div class=\"wp-block-column is-layout-flow wp-block-column-is-layout-flow\" style=\"flex-basis:20%\"><\/div>\n\n\n\n<div class=\"wp-block-column is-layout-flow wp-block-column-is-layout-flow\" style=\"flex-basis:60%\">\n<figure class=\"wp-block-table meinetabellen\"><table><tbody><tr><td><strong>Title:<\/strong><\/td><td>The Key<\/td><\/tr><tr><td><strong>Material<\/strong>:<\/td><td>Canvas, Acrylic<\/td><\/tr><tr><td><strong>Size:<\/strong><\/td><td>70 cm x 70 cm<\/td><\/tr><tr><td><strong>Price:<\/strong><\/td><td>\u20ac 400,00,-<\/td><\/tr><\/tbody><\/table><\/figure>\n<\/div>\n\n\n\n<div class=\"wp-block-column is-layout-flow wp-block-column-is-layout-flow\" style=\"flex-basis:20%\"><\/div>\n<\/div>\n\n\n\n<h2 class=\"wp-block-heading\">High-quality art print on stretcher frame<\/h2>\n\n\n\n<div class=\"wp-block-columns is-layout-flex wp-container-core-columns-is-layout-9d6595d7 wp-block-columns-is-layout-flex\">\n<div class=\"wp-block-column is-layout-flow wp-block-column-is-layout-flow\" style=\"flex-basis:20%\"><\/div>\n\n\n\n<div class=\"wp-block-column is-layout-flow wp-block-column-is-layout-flow\" style=\"flex-basis:60%\">\n<figure class=\"wp-block-table meinetabellen\"><table><tbody><tr><td><strong>Title:<\/strong><\/td><td>The Key<\/td><\/tr><tr><td><strong>Material<\/strong>:<\/td><td>Photo canvas<\/td><\/tr><tr><td><strong>Size:<\/strong><\/td><td>ca. 40 cm x 40 cm<\/td><\/tr><tr><td><strong>Price:<\/strong><\/td><td>\u20ac 160,00,-<\/td><\/tr><\/tbody><\/table><\/figure>\n<\/div>\n\n\n\n<div class=\"wp-block-column is-layout-flow wp-block-column-is-layout-flow\" style=\"flex-basis:20%\"><\/div>\n<\/div>\n\n\n\n<p><strong>The art print is also available in smaller sizes!<\/strong><\/p>\n\n\n\n<div class=\"wp-block-group hastdufragen has-background\" style=\"background-color:#ffe7e8\"><div class=\"wp-block-group__inner-container is-layout-constrained wp-block-group-is-layout-constrained\">\n<h2 class=\"wp-block-heading has-text-align-left\">Do you have any questions or are you interested in purchasing one of my artworks? <br><br>Get in touch with me!<\/h2>\n\n\n\n<div class=\"wp-block-buttons is-content-justification-left is-layout-flex wp-container-core-buttons-is-layout-fdcfc74e wp-block-buttons-is-layout-flex\">\n<div class=\"wp-block-button\"><a class=\"wp-block-button__link wp-element-button\" href=\"https:\/\/karinas-art.at\/en\/kontakt\/\">Contact<\/a><\/div>\n<\/div>\n\n\n\n<p><\/p>\n\n\n\n<h2 class=\"wp-block-heading\"><strong>Discover my artworks on Singulart!<\/strong><\/h2>\n\n\n\n<div class=\"wp-block-buttons is-layout-flex wp-block-buttons-is-layout-flex\">\n<div class=\"wp-block-button\"><a class=\"wp-block-button__link wp-element-button\" href=\"https:\/\/www.singulart.com\/de\/k%C3%BCnstler\/karina-schiefer-61055\" target=\"_blank\" rel=\"noreferrer noopener\">Discover artworks<\/a><\/div>\n<\/div>\n<\/div><\/div>","protected":false},"excerpt":{"rendered":"<p>Es handelt sich um eine Kinderfantasie von mir selbst. In der Mitte befinde ich mich in Tracht, und rundherum sind diverse Tiere zu sehen. Titel: Der Schl\u00fcssel Material: Leinwand, Acryl Gr\u00f6\u00dfe: 70 cm x 70 cm Preis: \u20ac 400,00,- Hochwertiger Kunstdruck auf Tr\u00e4gerrahmen Titel: Der Schl\u00fcssel Material: Fotoleinwand Gr\u00f6\u00dfe: ca. 40 cm x 40 cm Preis: \u20ac 160,00,-<\/p>","protected":false},"author":2,"featured_media":1864,"parent":0,"menu_order":0,"comment_status":"closed","ping_status":"closed","template":"","meta":{"footnotes":""},"class_list":["post-1952","page","type-page","status-publish","has-post-thumbnail","hentry"],"blocksy_meta":{"styles_descriptor":{"styles":{"desktop":"","tablet":"","mobile":""},"google_fonts":[],"version":5}},"_links":{"self":[{"href":"https:\/\/karinas-art.at\/en\/wp-json\/wp\/v2\/pages\/1952","targetHints":{"allow":["GET"]}}],"collection":[{"href":"https:\/\/karinas-art.at\/en\/wp-json\/wp\/v2\/pages"}],"about":[{"href":"https:\/\/karinas-art.at\/en\/wp-json\/wp\/v2\/types\/page"}],"author":[{"embeddable":true,"href":"https:\/\/karinas-art.at\/en\/wp-json\/wp\/v2\/users\/2"}],"replies":[{"embeddable":true,"href":"https:\/\/karinas-art.at\/en\/wp-json\/wp\/v2\/comments?post=1952"}],"version-history":[{"count":5,"href":"https:\/\/karinas-art.at\/en\/wp-json\/wp\/v2\/pages\/1952\/revisions"}],"predecessor-version":[{"id":2456,"href":"https:\/\/karinas-art.at\/en\/wp-json\/wp\/v2\/pages\/1952\/revisions\/2456"}],"wp:featuredmedia":[{"embeddable":true,"href":"https:\/\/karinas-art.at\/en\/wp-json\/wp\/v2\/media\/1864"}],"wp:attachment":[{"href":"https:\/\/karinas-art.at\/en\/wp-json\/wp\/v2\/media?parent=1952"}],"curies":[{"name":"wp","href":"https:\/\/api.w.org\/{rel}","templated":true}]}}

<p>Es handelt sich um eine Kinderfantasie von mir selbst. In der Mitte befinde ich mich in Tracht, und rundherum sind diverse Tiere zu sehen. Titel: Der Schlüssel Material: Leinwand, Acryl Größe: 70 cm x 70 cm Preis: € 400,00,- Hochwertiger Kunstdruck auf Trägerrahmen Titel: Der Schlüssel Material: Fotoleinwand Größe: ca. 40 cm x 40 cm Preis: € 160,00,-</p>
